 + 3*g. Determine v(x).
-10
Let b(g) = -3*g + 3. Let v be (1/(4/(-232)))/(-2). Suppose 0 = -6*s + v - 5. Determine b(s).
-9
Let x(y) = -2*y - 11 - 2*y**3 - y**2 + y**3 + y. Let i be (-1)/5 + 249/(-5). Let q = -50 - i. What is x(q)?
-11
Let p(t) = 8*t + 7*t - 16*t + 3*t - 3. What is p(-2)?
-7
Let l(j) = j**2 - j - 2. Let r(b) = -9*b**2 + 4*b + 26. Let h(y) = -10*l(y) - r(y). Give h(1).
-1
Suppose -6 = 2*c - 3*d, -8 = -d + 5*d. Let i(r) be the third derivative of -r**5/60 - 5*r**4/24 + 5*r**3/6 - r**2. What is i(c)?
-1
Let q(t) be the second derivative of -t**7/840 - t**6/120 + t**5/30 + t**4/8 - 7*t**3/2 + 8*t. Let w(r) be the second derivative of q(r). What is w(-4)?
3
Let y be (55/10 + -6)/((-1)/(-2)). Let p(o) = -32*o**2 - o. What is p(y)?
-31
Let u(a) = -a**3 - a**2 + 4. Suppose 0 = 7*j - 5*j + 9*j. Calculate u(j).
4
Suppose 9*l + 114 = 3*l. Let p(m) = m**2 + 19*m - 7. Let i be p(l). Let d(u) = -u**3 - 7*u**2 + 6. Calculate d(i).
6
Let q(b) = -14 - 7*b**2 + 3*b**3 + 0*b**3 + 0*b**3 - 608*b + 624*b - 4*b**3. What is q(-9)?
4
Let u(r) = 3*r + 8. Let p(t) = t. Let x be p(-4). Determine u(x).
-4
Let d(r) = 4*r + 9. Let h be 7 - -7*104/(-56). What is d(h)?
-15
Let z(p) be the second derivative of -1/20*p**5 + 3*p**2 - 3*p - 1/3*p**4 + 5/6*p**3 + 0. Let u be z(-5). Let i(d) = d**2 - 3*d - 5. Determine i(u).
13
Suppose -5*a - 9 = 1. Let p be 7/(7/3) + 0. Let v(w) = -138*w + 139*w - w**3 + w**2 + p*w**3 + w**2. Give v(a).
-10
Let x(p) = p + 4. Let a = 189 + -191. Give x(a).
2
Let r = 17 - 13. Suppose 3*g + 4*c - 19 = 0, 4*g + r*c + 0*c = 20. Let i(n) = -4*n + 1. Determine i(g).
-3
Let q be (15 + 0)/((-2)/4). Suppose -2*z - 12 = 2*h, h = -5*z - 5 - 1. Let s be (-20)/q - (-28)/h. Let u(c) = c**3 + 4*c**2 + 2*c + 4. Calculate u(s).
-4
Let r(f) = -f**2 + 4*f - 5. Suppose -28 = -2*b - 2*u - 12, 5*b = -3*u + 34. Calculate r(b).
-10
Suppose -3*r - 7 = 4*y, 0 = 2*y - y + 4*r - 8. Let q(p) = -6*p**2 + p + 1. Let a(c) = -7*c**2 + c + 2. Let h(b) = 5*a(b) - 6*q(b). Determine h(y).
24
Suppose -37*c - v - 47 = -34*c, c + 24 = -2*v. Let k(a) = a**2 + 16*a + 2. Determine k(c).
-26
Let v(m) = m - 12. Let p be v(16). Suppose 3*c = -3, 2*j - c = p*c + 15. Let a be (j/(-1))/(-5) + 4. Let u(y) = -y**3 + 5*y**2 + y - 1. Determine u(a).
4
Let m(r) = 5*r - 10. Let u(j) = -2*j + 1. Let x(a) = m(a) + 3*u(a). Determine x(7).
-14
Let a(w) = -10*w**3 - 69*w**2 - 12*w + 2. Let k(t) = -7*t**3 - 50*t**2 - 8*t + 1. Let j(c) = 5*a(c) - 7*k(c). Let z be (-22)/(-5) - (-2)/(-5). Determine j(z).
3
Let s(v) = -v**3 - 6*v**2 - 6*v + 7. Let k be s(-5). Let q = -10 + k. Let f(y) = 4*y**3 + 3*y - 3*y**3 - y - y. What is f(q)?
10
Let o be -2 + -4 + 44/(14 + -3). Let d(h) = 5*h + 11. Let x(y) = 2*y + 5. Let b(g) = -3*d(g) + 7*x(g). Give b(o).
4
Let a(t) = 1154 - 1154 + 18*t**2 - 17*t**2 + 5*t. Calculate a(-8).
24
Suppose -3*p + 7 = -5*v, -v = -4*v + 3. Let f(l) = -2 - p*l - l**2 + 5*l + 5*l. Determine f(3).
7
Let m(q) = 2*q**3 + 4*q**2 - 7*q - 7. Let f(h) = -h**3 - h**2 - 2. Let c(w) = f(w) + m(w). Determine c(-4).
3
Let m = 18 - 17. Let h(q) = 2*q. Let y be h(3). Let d(t) = 3*t - 1 - y*t + t. Give d(m).
-3
Suppose 0 = 3*n - o - 40, 0 = -3*n - 3*o + 8 + 16. Let z be 10/3*n/(-8). Let p(c) = 2*c + 3*c - 6*c + 2 - 4. What is p(z)?
3
Let a(c) = 13*c**2 - 2*c - 1. Let y be 6/12*(8/4 + -4). Determine a(y).
14
Suppose -5*g = 2*o - 11, -o + 0 + 5 = 2*g. Suppose 3*l - 6*l = -6, -4*u + 14 = l. Let n(x) = -4*x + 6 + 0 + x**2 - 7 + u*x. Determine n(o).
5
Suppose 4 = -3*m + 5*m. Suppose 4*y - 9 = 11, 4*k = -m*y + 46. Suppose 0 = 2*j + k - 3. Let z(v) = -v**3 - 3*v**2 - 3*v + 4. Calculate z(j).
13
Let v(q) = q**2 + 2*q + 3. Suppose -2*u - 33 = -5*l + 4*l, 2*u - 42 = -2*l. Let a = l - 31. Let n be ((-4)/12)/(a/(-36)). What is v(n)?
3
Let g(a) = 34*a + 14. Let r(d) = 12*d + 5. Let x(j) = -5*g(j) + 14*r(j). Calculate x(2).
-4
Let k(t) = -t**2 + 7*t + 27. Let z be k(10). Let l(g) = -4*g - 8. Let d be l(z). Let n(r) = r**2 - 3*r - 1. Calculate n(d).
3
Let a = 12 - 10. Let d(f) = -9 - 4*f + 3 - a + 3*f. Give d(-6).
-2
Let a(x) be the second derivative of 0*x**2 - 23*x + 1/12*x**4 + 0*x**3 + 7/20*x**5 + 0. Calculate a(1).
8
Let z be (-2)/(-10) + 28/10. Let v(l) = -2*l - 5. Let i(r) = 2*r + 4. Let j(k) = z*i(k) + 2*v(k). Give j(-4).
-6
Let g(i) = -2*i**2 - 323*i + 47*i**3 + 971*i - 323*i - 323*i - 1. What is g(1)?
46
Let d(m) = -m**3 + 9*m**2 - 11*m + 13. Let i be d(7). Let g(s) = -4 - 37*s - i*s - 34*s + 107*s. Calculate g(-7).
-18
Let q(d) = 15*d - 110. Let r(j) = -j + 11. Let o(w) = q(w) + 10*r(w). Calculate o(-3).
-15
Let w be 2/3 + (-14)/(-6). Suppose 0 = -w*j + 16 + 2. Suppose -b - 20 = -j*b. Let c(d) = -2*d + 2. Calculate c(b).
-6
Suppose -13*n - 18 = -n - 3*n. Let w(p) = -p + p**3 + 0 + 0*p + 1 + 2*p**2. Determine w(n).
3
Let y(n) = -9*n**2 - 6*n - 5. Let j = 65 - 64. Let q(c) = -c - 1. Let k(p) = j*y(p) - 4*q(p). What is k(-1)?
-8
Let u(w) = -4*w**3 + 7*w**2 + 5*w - 8. Suppose 11*p = 14*p - 9. Let m(d) = -7*d**3 + 14*d**2 + 11*d - 16. Let l(y) = p*m(y) - 5*u(y). What is l(8)?
-8
Suppose -w = -3 - 0. Suppose -1 = 5*g + 4, 4*s - 4*g - 20 = 0. Suppose s*y = w*y + 1. Let f(o) = -8*o - 1. What is f(y)?
-9
Let l(t) be the second derivative of -t + 0 + 5/2*t**2 - 1/3*t**3. Suppose 4 = 4*g, -4*m - 187 = -4*g - 211. Determine l(m).
-9
Let j = -12 + 7. Let f = 49 - 47. Let u(m) = -4*m**f + 5*m**2 - 3*m + 10*m + 6. Give u(j).
-4
Let n be ((-75)/6)/(-5) - 11/(-2). Let i(w) = -w**2 + 6*w - 7. Calculate i(n).
-23
Let v = -3 - 2. Let n = -73 + 106. Let o(x) = n*x - 1 - 29*x + 8. What is o(v)?
-13
Let u(i) = i**3 - 6*i**2 - i + 26. Suppose -75 = -28*a + 13*a. Determine u(a).
-4
Let t = -4 + -2. Let g(x) be the first derivative of x**6/360 + 7*x**5/120 + 7*x**4/24 - x**3 - 11. Let m(z) be the third derivative of g(z). Determine m(t).
1
Let w(b) = -b**2 + b + 1. Let h be -1 - 0 - (5 - 0). Suppose -4*f = -0*f + 28. Let y = f - h. Calculate w(y).
-1
Let k(o) be the first derivative of 2*o**2 - 2*o + 101. Give k(-2).
-10
Suppose 3*z = z + 12. Let n(v) = 4 + v - v + 4*v - z*v. Suppose 0 = c + 3*c - 20. Determine n(c).
-6
Let a(h) = 5*h**2 + 7*h + 6. Suppose -2*j = -5*u + 196 - 209, -3*j + 10 = 2*u. Determine a(u).
4
Let v(h) = h**3 + h**2 - 4*h - 2. Let c = 9 + -5. Suppose 9 = -2*u - s + 53, c*u - 2*s = 72. Let p = 17 - u. Determine v(p).
-8
Let c(b) = b**3 + 7*b**2 - 8*b - 6. Let a be (-5)/(-105)*7*-24. What is c(a)?
-6
Let r(i) = -2*i - 1. Let a(k) be the first derivative of k + 6 - 1/2*k**2 - 2/3*k**3. Let m be a(0). Determine r(m).
-3
Suppose -u = 2*u - 9. Suppose 612 - 600 = 3*m. Let a(l) = m*l**2 + 19*l**3 - 30*l**u + l + 10*l**3 + l - 3. Give a(4).
5
Let g(f) = -f**2 + 2*f + 3. Let k be 98 - 0 - -1 - (-45)/45. Let y = 104 - k. What is g(y)?
-5
Let p(i) = -i**3 + i**2 + 2*i. Let x(d) = 13*d + 1. Let m be x(1). Suppose -w = w - m. Let v be (4/w)/(4/14). Calculate p(v).
0
Let b(c) = -14*c**2 + 2323 - 15*c - 2305 - c + c**3. Calculate b(15).
3
Let a = -54 + 50. Let q(g) = -g - 9. Let z be q(a). Let r(m) = m**2 + 5*m - 4. Calculate r(z).
-4
Suppose -1 = d + 4*o, 0*o = -3*d - 2*o + 7. Let a(h) = -5*h**2 + 5*h + h**d - 2 - 5 - 9*h + 7*h. Calculate a(5).
8
Suppose -10 = -12*n - 58. Let m(g) = -g**3 - 3*g**2 + 3*g + 5. Calculate m(n).
9
Suppose t = -0*t + 3*r - 3, 4*t - 4*r + 12 = 0. Suppose 16 = 42*n - 41*n. Let s(f) = n*f - 5*f + 3*f**2 + 0*f**3 - 10*f - 3 + f**3. What is s(t)?
-6
Let x(z) be the first derivative of z**4/4 + 2*z**3 + z**2/2 + 46. What is x(-6)?
-6
Let j = 5 + -4. Let r be -1 - ((1 - 6) + 1*2). Let y = r - j. Let k(x) = -14*x**3 + 2*x**2 - x. What is k(y)?
-13
Let k(z) = 4 + 10*z**2 - 3 + 2*z - 3*z + 3*z. Suppose 2*v + 5*u = 13, 5*v + 4*u = 3*v + 10. Give k(v).
9
Let s(i) = -9*i - 13. Let y(o) = 4*o + 6. Let z(x) = 2*s(x) + 5*y(x). Let a be z(0). Let b(w) = -3*w - a*w + 1 + 3*w**2 + 5*w - 2. Give b(2).
7
Let n be 51/34*2/3. Let c(q) = -15*q + 5. Determine c(n).
-10
Let r(v) be the first derivative of -v**2 + v + 180. Let i = -16 - -10. Give r(i).
13
Let o(q) be the first derivative of 5*q**4/4 + q + 33. Calculate o(1).
6
Let n(s) = -17*s**2 + 45*s - 46. Let l(d) = -5*d**2 + 15*d - 16. Let f(i) = -7*l(i) + 2*n(i). Determine f(14).
6
Suppose 23*n - 85*n = -62. Let o(q) = -12*q + 2. Give o(n).
-10
Let j = -4